m) = 14*m - 2*m**3 + 3*m**3 + 12 - 2*m - 5 + 10*m**2. Let s(x) = -2*x**2 - 73*x + 228. Let r be s(3). Give g(r).
-20
Let a = 34146 - 34143. Let h(u) = -5*u**2 + u - 11. Determine h(a).
-53
Let i(l) = -5*l + 3. Let p = 6591 + -6595. Determine i(p).
23
Suppose c = y + y, 0 = -4*c + 16. Let g(o) = y*o - 1 - 8*o + 2. Let p(d) = -4*d**3 - 93*d**2 - 20*d + 71. Let i be p(-23). What is g(i)?
-11
Let x(s) be the first derivative of 3*s**2/2 - 9*s - 19647. Let v be 21/2*2/3. Give x(v).
12
Let r(x) = -x - 14. Let s(z) be the third derivative of -z**5/60 + 11*z**4/12 + 13*z**3/2 - 4*z**2 + 3*z. Let h be s(24). Calculate r(h).
-5
Let k(z) = -6*z**3 - 5*z + 1. Let f(u) = 5*u**3 + 6*u - 1. Let l = 23 + -28. Let m(a) = l*k(a) - 4*f(a). Suppose 8*b = 4 + 4. What is m(b)?
10
Let q(r) = r**3 - 7*r**2 + 7*r - 3. Let d(x) = x**2 - 5*x + 14. Let k be (-8 - 114/(-12))/((-2)/(-8)). Let s be d(k). Let l = s + -14. Calculate q(l).
3
Let h(q) be the second derivative of -2/3*q**4 + 3*q + 7/2*q**2 - 1/20*q**5 + 28 + 1/6*q**3. Give h(-8).
-1
Let w(y) = y - 1. Suppose 45 + 55 = -5*l. Let o(i) = 33*i**3 + 19*i**2 - 664*i + 36 + 646*i - 32*i**3. Let u be o(l). Calculate w(u).
-5
Suppose -32*y = -23*y - 387. Suppose -5*b - 67 = 3*c, 47*c = -5*b + y*c - 71. Let k(h) = 3*h + 27. Calculate k(b).
-6
Let v(x) = 8*x**2 + 1. Let l = -240 - -245. Suppose -l*t + 14 = -4*y, -3*y + t - 4*t = -3. What is v(y)?
9
Let b(a) = 5*a**3 + 3*a**2 + 14*a + 53. Let g(f) = f**3 + f**2 + 9. Let l(v) = -b(v) + 6*g(v). Calculate l(-6).
-23
Let n(d) be the third derivative of -d**4/6 + 7*d**3/6 + 1864*d**2. Determine n(12).
-41
Suppose 0 = -2*a + 10, -4*b + 5*a - 82 = -b. Let g(h) = 6*h + 42. Determine g(b).
-72
Let s(q) be the first derivative of -q**4/4 + 22*q**3/3 + 13*q + 1038. Determine s(22).
13
Let p be 20/(-2) - (-72)/(48/(-8)). Let f(z) = -5*z - 116. Determine f(p).
-6
Let a(d) = d**3 + 28*d**2 + 29*d + 57. Suppose -2*s = 2*k + 50, -6*k = -5*s - 50 - 97. Determine a(s).
3
Let r(t) = -2*t - 1. Suppose 3*p - 5 = -3*q + 25, p = -4*q + 25. Suppose 24 = -4*i + 8*i. Suppose -2*y - i = -y + 3*m, p*y + 5*m + 20 = 0. What is r(y)?
5
Let s(w) = -25*w + 342 + 5*w**2 - 377 + 13*w - w - w**2. What is s(5)?
0
Let u(m) = -m**2 + 13*m + 69. Let r(b) = 4*b**2 - 144*b - 451. Let i be r(39). Determine u(i).
1
Let i(o) = -o**2 - 48*o - 315. Let s be i(-8). Let y(x) be the third derivative of x**5/60 - x**4/4 + x**3/2 - 7*x**2. What is y(s)?
-2
Let x(g) = -5*g - 11. Let q(l) = -2*l**2 - 38*l - 151. Let v(d) = q(d) + 2*x(d). Determine v(-4).
-13
Let d(w) be the third derivative of w**6/120 + 4*w**5/15 + w**4/12 + 6*w**3 + 949*w**2. Calculate d(-16).
4
Let m(o) = 383 + o**2 - 124 - 112 + o - 114. What is m(0)?
33
Let z(s) = 4*s**2 + 26*s - 57. Suppose 17*j = 14 - 48. Let c(w) = -w**2 - 6*w + 14. Let t(m) = j*z(m) - 9*c(m). Determine t(-4).
-4
Let h(z) be the first derivative of -3*z**2 + 260*z - 1202. Calculate h(43).
2
Let f(r) = -2*r + 24. Suppose -2*h + 6*h = -5*o - 3333, -5*o = -2*h - 1689. Let v = 851 + h. Calculate f(v).
-4
Let t(f) = 941*f - 1911*f + 968*f + 1 - 11. What is t(-4)?
-2
Let b(k) be the second derivative of 0 + 0*k**2 - 1/40*k**5 - 1/720*k**6 - 21*k - 1/3*k**4 + 0*k**3. Let q(g) be the third derivative of b(g). What is q(7)?
-10
Let u(q) = 3*q - 18. Let s be -7 + (-2 + -4 - 4). Let i be -6 + s/(136/(-120)). Determine u(i).
9
Let v be 11606/(-7461) + 5/9. Let d(x) = -23*x**3 - 2*x**2 + 4*x + 6. Give d(v).
23
Let u(m) = 31*m**2 + 174*m + 243. Let p be u(-3). Let o(f) = 4*f**2 + 5*f - 10. Let x(s) = s**2 + s. Let d(i) = o(i) - 5*x(i). Give d(p).
-10
Let n(h) be the first derivative of -1/2*h**2 + 5*h + 185. Calculate n(8).
-3
Suppose 3*d + d = 3*h - 14, 2*h + 4*d + 4 = 0. Let t(k) = -k**2 - 3*k + 7. Let r be t(-4). Let g(i) = 4 + i + 0 + r - 9. Give g(h).
0
Let t(d) be the first derivative of -d**2 - 13*d - 714. Calculate t(-4).
-5
Let i(a) = a + 10. Let p(z) = 2*z + 19. Let s(u) = -11*i(u) + 6*p(u). Let x = 369 - 373. Give s(x).
0
Let l(b) = 3*b - 68. Let w be (6/(-8))/((-17061)/(-62920) + 3/(-10)). Determine l(w).
10
Let r(u) = -10*u + 81. Let t(a) = 13*a - 100. Let d(z) = 5*r(z) + 4*t(z). Suppose 0 = k + 3*y + 4 + 6, 0 = y + 2. Calculate d(k).
-3
Let f(y) = -2*y**2 + 7*y + 11. Suppose 0 = -52*j + 125 + 187. Determine f(j).
-19
Let j(g) be the first derivative of -5*g**2/2 - g + 5. Let k(i) = 13 - 4*i + 56*i**2 - 5*i - 62*i**2 + i**3. Let h be k(7). Calculate j(h).
4
Let i(w) be the second derivative of 7/12*w**4 - 3*w - 8 + 0*w**2 + 1/6*w**3. Let d be 0*(-2)/4 + 1. Give i(d).
8
Let x be (4/3 - (-495)/135)/(10/12). Let z(a) be the third derivative of 1/6*a**3 + 1/24*a**4 + 1/120*a**x + 0*a + 10*a**2 + 0 + 1/20*a**5. Calculate z(-3).
-2
Let b be (762/635)/((-6)/20). Let a(y) = -y**3 - 4*y**2 + 5*y - 1. Determine a(b).
-21
Let m(j) be the first derivative of j**5/20 - 5*j**4/12 - 4*j**3/3 + 4*j**2 - 41*j - 118. Let w(h) be the first derivative of m(h). Calculate w(6).
-4
Let c be (742/265)/((-2)/10). Let u(j) = -j**2 - 15*j - 14. Let f be u(c). Let w(y) = -y**2 - y - 9. Calculate w(f).
-9
Let y(p) be the second derivative of 20*p**3/3 + 13*p**2/2 + 6786*p. Determine y(-1).
-27
Suppose -28 = -3*t + 5*x + 21, 0 = 2*t - 5*x - 41. Let m(k) = k**2 - 14*k + 47. Calculate m(t).
-1
Let s = -130 - -133. Let a(l) = -l**3 + 2*l**2 + 5*l - 10. Give a(s).
-4
Let n(s) = -s**2 + 5*s - 7. Let h be ((-6)/(-18))/((-6)/234) - -2. Let b(y) = -41*y - 446. Let u be b(h). What is n(u)?
-7
Let x(i) = i - 3. Suppose -3*g - 11 + 4 = -h, -4*g = 3*h + 5. Suppose -c + 3*s = -9, -2*c - c - 4*s = -h. Suppose z + c = -3. What is x(z)?
-9
Let f(t) = 2*t**2 + 2*t - 2. Suppose -2*d = -4*y - 8, y - 4*d + 16 = 4*y. Let s(z) = z**2 + 8*z + 2. Let q be s(-8). Suppose y*n - 6 = q*n. What is f(n)?
10
Let o(g) = -19*g + 4 + 15 + 11 - 16. Determine o(1).
-5
Let j(k) = k**3 + 21*k**2 + 48*k - 38. Let f be j(-16). Let g(h) = f - 478 + 0*h + h + h. Let v be 2/(-6) + (-75)/(-9). Determine g(v).
12
Let u(j) = -j**2 + 13*j + 2. Let y = 1667 + -1655. Give u(y).
14
Let a(w) be the third derivative of -w**6/120 - 2*w**5/15 + w**4/4 + w**3 - 3146*w**2. Calculate a(-8).
-42
Let g(t) = t**2 - 2*t + 3. Let x be (-2 - -2)/((-6)/((-6)/1)). Let c be (-12)/(-6) + x + (-6)/(-3). Let q be c*(44/16 + (-2)/1). Calculate g(q).
6
Let t be (13 + 1)*(-156)/(-312). Let x(c) = c**2 - 9*c + 1. Determine x(t).
-13
Let f(g) = -4*g + 0*g**2 - 15 + 54*g - 5*g**2 + 2*g. Let n be f(10). Let j(p) = -p + 11. Give j(n).
6
Let c(w) = -2*w**2 + 10*w - 9. Let l(m) = m**2 - 5*m + 4. Let q(d) = 3*c(d) + 7*l(d). Suppose -12 + 332 = 5*f. Let k = -62 + f. Calculate q(k).
-5
Let f(q) = -4*q + 24. Let y be f(-4). Let w be -2*((-3)/(-5) - 44/y). Let i(c) = 3 - 4 + 4*c - 4*c + 2*c. Determine i(w).
1
Suppose 4*x = -x + 2*v + 240, 105 = 2*x + v. Let a = 53 - x. Let d(g) = -4*g - 2*g**2 - 4*g**3 + 3 + 6*g**3 - g**3. What is d(a)?
0
Let i(b) = 5*b. Suppose -26 = -3*k - 56. Let s(v) = -10*v - 97. Let x be s(k). What is i(x)?
15
Let t(r) be the third derivative of 0 + 7/60*r**5 + 1/120*r**6 + 2*r**2 - 2/3*r**3 + 15*r - 3/8*r**4. Give t(-8).
4
Let b(u) = -2585 - 2364*u + 2366*u + 2594. What is b(-5)?
-1
Let g(m) = 2*m**2 - m + 2. Let s(o) = -37*o**2 + 7*o - 44. Let b(a) = -19*g(a) - s(a). Let j be -1*(-11 + 1 - 1). What is b(j)?
17
Let c(v) = -6*v + 1. Let f(q) = -q**2 - 39*q + 8. Let o(t) = 5*c(t) - f(t). Determine o(-8).
-11
Suppose 142*r - 1843 = 287. Let w(o) = -3*o**2 + 47*o + 14. Give w(r).
44
Let i = 840 + -844. Let v(f) = 4*f - 21. Let g = 3 + 6. Let p(x) = 2*x - 10. Let n(m) = g*p(m) + i*v(m). Give n(7).
8
Let r(k) be the third derivative of k**6/120 - k**5/40 + k**4/24 - 10*k**3 + 8*k**2 + k. Let q(a) be the first derivative of r(a). Give q(3).
19
Let i(z) = -10*z**3 + 4*z**3 + 11*z**2 + 7*z**3 - z - 13. Let t(g) = -29*g - 3. Let u be t(-2). Suppose -u = l + 4*l + 3*h, 4*h = -4*l - 44. What is i(l)?
-2
Suppose -25 = 4*b - 9. Let t(l) be the second derivative of -1/6*l**3 + 0*l**2 - 22*l + 0. Determine t(b).
4
Let u(p) = -p - 4. Let m be (8 - 152/20)/((-2)/(-40)). Suppose 7*s = -s + m. Let f(k) = -k - 2. Let q be f(s). Give u(q).
-1
Let q(h) = -9*h - 11*h + 124 - h**2 - 55 + 8*h - 27. Give q(-16).
-22
Let v(k) be the second derivative of -k**4/12 + k**3/6 - k**2/2 + 2425*k. What is